ue
Is 6017411 a composite number?
False
Is 13402985 a prime number?
False
Is 9584257 a composite number?
False
Is 73764363 a composite number?
True
Is 18673111 a prime number?
False
Is 8191607 prime?
True
Is 3246799 prime?
True
Is 13263238 composite?
True
Is 41189897 a prime number?
False
Is 10473733 prime?
False
Is 70704281 a prime number?
True
Is 5711051 composite?
False
Is 206144581 prime?
False
Is 1150603 prime?
True
Is 1259273 composite?
True
Is 23798041 a composite number?
True
Is 50780579 prime?
True
Is 447409 a composite number?
False
Is 2366533 prime?
False
Is 1249013 prime?
True
Is 6148969 composite?
True
Is 17577085 a prime number?
False
Is 98719583 a composite number?
False
Is 37811593 prime?
True
Is 927709 prime?
True
Is 1634489 composite?
False
Is 6010711 prime?
False
Is 5558257 composite?
False
Is 9397981 a prime number?
True
Is 743269589 a composite number?
False
Is 26413161 a prime number?
False
Is 35270779 composite?
True
Is 63586597 composite?
True
Is 36562585 composite?
True
Is 112537417 composite?
True
Is 11839277 a composite number?
False
Is 11597447 a composite number?
False
Is 2376559 a composite number?
False
Is 2340449 composite?
True
Is 6721177 prime?
True
Is 86513303 a prime number?
False
Is 30447421 composite?
True
Is 1748441 a prime number?
True
Is 7750429 a prime number?
False
Is 36385991 a composite number?
False
Is 1060619 a composite number?
True
Is 226332077 prime?
False
Is 145270877 prime?
False
Is 512977 a composite number?
False
Is 4887017 a composite number?
True
Is 265964135 a prime number?
False
Is 26327 a prime number?
False
Is 41828837 composite?
True
Is 618232513 prime?
True
Is 33443453 prime?
True
Is 4973753 prime?
True
Is 1175651 a prime number?
True
Is 102112093 a prime number?
False
Is 151261609 a composite number?
False
Is 75863509 composite?
False
Is 1610821 composite?
True
Is 17538449 a prime number?
True
Is 23194427 a composite number?
False
Is 33804139 composite?
True
Is 172723 prime?
False
Is 77969414 a composite number?
True
Is 2960843 a composite number?
True
Is 5009393 composite?
True
Is 56054639 a composite number?
False
Is 67581043 composite?
True
Is 31891979 a composite number?
True
Is 18157243 a prime number?
False
Is 644212939 a prime number?
False
Is 1518773 a composite number?
False
Is 32797943 composite?
False
Is 1266992503 a prime number?
False
Is 8389509 a composite number?
True
Is 2831377 prime?
True
Is 5576911 composite?
False
Is 1514027 prime?
True
Is 305381 composite?
True
Is 18444211 prime?
True
Is 32799199 composite?
True
Is 4848347 a composite number?
True
Is 78046457 prime?
True
Is 70871 a prime number?
False
Is 32254589 prime?
False
Is 60963523 composite?
False
Is 23122613 a prime number?
False
Is 3256397 a composite number?
False
Is 354664337 prime?
True
Is 76513907 a prime number?
True
Is 167364013 a composite number?
False
Is 740153 a prime number?
True
Is 375483203 a composite number?
False
Is 111317 prime?
True
Is 154015 a prime number?
False
Is 314010269 prime?
True
Is 18678214 a composite number?
True
Is 1027459 a prime number?
True
Is 17855587 a prime number?
True
Is 11346581 prime?
False
Is 128419621 composite?
True
Is 6460283 prime?
True
Is 14006177 a composite number?
True
Is 4067031 a prime number?
False
Is 67162673 a prime number?
True
Is 135206963 composite?
True
Is 41960657 prime?
False
Is 25517567 prime?
False
Is 690590765 a prime number?
False
Is 6830935 a composite number?
True
Is 187651033 a prime number?
True
Is 13897421 composite?
False
Is 31837535 prime?
False
Is 7180561 prime?
False
Is 13855379 prime?
True
Is 22469 a composite number?
False
Is 5600827 a composite number?
True
Is 163793 composite?
True
Is 2580593 composite?
True
Is 550344787 prime?
True
Is 25345933 prime?
True
Is 680238733 a composite number?
False
Is 30816289 prime?
False
Is 90273847 a composite number?
False
Is 31930057 a composite number?
False
Is 2692223 a prime number?
True
Is 344311741 composite?
False
Is 10843153 prime?
True
Is 4940153 a composite number?
False
Is 263251333 prime?
False
Is 3554203 prime?
True
Is 726118 composite?
True
Is 1836641 a prime number?
True
Is 913090163 a composite number?
True
Is 71319217 composite?
True
Is 569128237 prime?
False
Is 14103983 a composite number?
False
Is 130957 prime?
True
Is 20981603 a composite number?
True
Is 146038901 a prime number?
True
Is 24450319 a composite number?
False
Is 433889 composite?
False
Is 36612377 a composite number?
False
Is 263993153 prime?
False
Is 70132723 prime?
False
Is 52331759 a composite number?
False
Is 9788957 a composite number?
True
Is 6161713 prime?
False
Is 140482823 composite?
True
Is 653197 prime?
True
Is 8361901 composite?
False
Is 217558619 composite?
False
Is 2910793 composite?
True
Is 8651429 a prime number?
True
Is 3340217 a composite number?
False
Is 61501 a composite number?
True
Is 823305577 prime?
True
Is 99077 prime?
False
Is 189337 a composite number?
False
Is 1255667 prime?
False
Is 303294737 a prime number?
False
Is 14521931 composite?
False
Is 2259973 prime?
False
Is 22049309 a composite number?
True
Is 119640293 a composite number?
True
Is 2971949 prime?
False
Is 111397783 composite?
True
Is 582321149 a prime number?
True
Is 835841 a composite number?
False
Is 94641997 a prime number?
False
Is 60169061 prime?
True
Is 328865105 prime?
False
Is 62209841 a prime number?
True
Is 2609911 composite?
False
Is 235797287 prime?
False
Is 7378045 prime?
False
Is 166914299 a composite number?
True
Is 38282627 composite?
False
Is 38002933 a prime number?
True
Is 6083747 composite?
True
Is 151328537 a composite number?
True
Is 442958371 a composite number?
True
Is 48335501 composite?
False
Is 108985949 composite?
False
Is 7814327 a prime number?
False
Is 3016747 a composite number?
False
Is 8514031 a prime number?
False
Is 36578965 composite?
True
Is 10550603 a composite number?
True
Is 41702191 prime?
True
Is 10864331 a composite number?
False
Is 29049167 composite?
True
Is 387857851 a prime number?
True
Is 1452785 a composite number?
True
Is 35794846 a composite number?
True
Is 49157837 a prime number?
True
Is 33295259 prime?
True
Is 245467 prime?
False
Is 4989167 a composite number?
True
Is 1001842 composite?
True
Is 540639461 prime?
False
Is 20695723 prime?
False
Is 110295479 a prime number?
False
Is 13481414 composite?
True
Is 29265389 prime?
False
Is 51972719 a composite number?
True
Is 2686493 a composite number?
True
Is 24137459 a composite number?
False
Is 959449 a prime number?
True
Is 2391859 prime?
True
Is 1674503 a prime number?
True
Is 1569327 prime?
False
Is 4868729 a composite number?
False
Is 14643059 a prime number?
True
Is 6765667 a prime number?
False
Is 31365823 composite?
True
Is 9328321 composite?
False
Is 2604499 prime?
True
Is 535610571 a composite number?
True
Is 121441763 composite?
True
Is 46447789 composite?
False
Is 2503177 a prime number?
False
Is 18624611 composite?
False
Is 1465819 a composite number?
False
Is 156005477 a prime number?
True
Is 316330267 prime?
False
Is 2497291 composite?
True
Is 431516957 a prime number?
True
Is 13255303 a prime number?
True
Is 13989391 a composite number?
True
Is 32201309 prime?
False
Is 169685387 a composite number?
False
Is 13239011 a composite number?
True
Is 1171921 a prime number?
True
Is 31065793 a composite number?
True
Is 9190651 a prime number?
False
Is 33617999 a prime number?
True
Is 31631 a prime number?
False
Is 113456737 prime?
False
Is 646099 a composite number?
False
Is 7494329 a prime number?
True
Is 1154849 composite?
False
Is 1099898887 a prime number?
True
Is 183191 composite?
False
Is 6829649 composite?
False
Is 1555495 a composite number?
True
Is 497891 prime?
False
Is 892049 a composite number?
False
Is 145872473 a prime number?
False
Is 1884269 composite?
True
Is 75422561 a composite number?
True
Is 2747749 a prime number?
True
Is 5352397 prime?
False
Is 99014395 prime?
False
Is 8576233 a prime number?
True
Is 3154573 prime?
True
Is 4747297 a prime number?
True
Is 8069827 prime?
False
Is 2745209 composite?
False
Is 1241323 a prime number?
False
Is 26527273 composite?
False
Is 3286643 prime?
True
Is 15552403 a composite number?
False
Is 595139 prime?
True
Is 1111247 composite?
False
Is 32530781 comp